{"id":10,"date":"2026-08-24T21:55:57","date_gmt":"2026-08-24T21:55:57","guid":{"rendered":"http:\/\/palace2609.be\/?page_id=10"},"modified":"2026-09-02T15:35:52","modified_gmt":"2026-09-02T15:35:52","slug":"accueil","status":"publish","type":"page","link":"https:\/\/palace2609.be\/","title":{"rendered":""},"content":{"rendered":"<p style=\"border: 2px solid #7393B3; padding: 10px;\">Le samedi 26 septembre 2026, nous avons le plaisir de vous inviter \u00e0 une matin\u00e9e exceptionnelle au Palace Cin\u00e9ma (Boulevard Anspach 85, 1000 Bruxelles) autour des films documentaires de Yves Dorme : \u00ab\u00a0<em><strong>Les Hommes Seuls &#8211; Une crise de l&rsquo;accueil sans fin\u00a0\u00bb<\/strong><\/em> et \u00ab\u00a0<em><strong>Quatre Femmes en Exil\u00a0\u00bb.<\/strong><\/em><\/p>\n<p>\u00c0 travers des r\u00e9cits profond\u00e9ment humains, ces deux \u0153uvres mettent en lumi\u00e8re les parcours, les d\u00e9fis et les r\u00e9alit\u00e9s v\u00e9cues par des hommes et des femmes confront\u00e9s \u00e0 l\u2019exil, \u00e0 la pr\u00e9carit\u00e9 et \u00e0 l\u2019exclusion.<\/p>\n<p>La matin\u00e9e d\u00e9butera avec un petit-d\u00e9jeuner offert, suivi de la projection des deux films d\u2019une dur\u00e9e totale d\u20191heure30.<\/p>\n<p>A l\u2019issue de la s\u00e9ance, un \u00e9change r\u00e9unira le public et des repr\u00e9sentants d\u2019organisations sociales et humanitaires actives dans les domaines de la migration, de la sant\u00e9, de la protection sociale et de la lutte contre le sans-abrisme. Cet \u00e9change sera l\u2019occasion\u00a0 de mettre en perspective les r\u00e9alit\u00e9s observ\u00e9es sur le terrain.<\/p>\n<p><strong>Informations pratiques<\/strong><\/p>\n<p>Date : samedi <strong><span style=\"color: #a21c19;\">26<\/span><\/strong> septembre 2026<br \/>\nLieu : Cin\u00e9ma <strong><span style=\"color: #a21c19;\">PALACE<\/span><\/strong>, Boulevard Anspach 85, 1000 Bruxelles<br \/>\nPrix : 11 \u20ac par personne<br \/>\n<a href=\"https:\/\/cinema-palace.be\/fr\/film\/les-hommes-seuls-quatre-femmes-en-exil\" target=\"_blank\" rel=\"noopener\">Cliquer ici pour r\u00e9server<\/a><\/p>\n<p><strong><span style=\"color: #a21c19;\">9h30<\/span><\/strong>\u00a0 : Accueil et petit-d\u00e9jeuner offert<br \/>\n<strong><span style=\"color: #a21c19;\">10h30<\/span><\/strong> : Projections : \u00ab\u00a0<em>Les Hommes Seuls\u00a0\u00bb<\/em> (59 minutes &#8211; NL OT) et \u00ab\u00a0<em>Quatre<\/em> <em>Femmes en Exil\u00a0\u00bb<\/em> (25 minutes &#8211; NL OT)<br \/>\n<strong><span style=\"color: #a21c19;\">12h00<\/span><\/strong> : Echange avec les organisations sociales et humanitaires engag\u00e9es sur les questions de migration, de sant\u00e9 et de sans-abrisme<\/p>\n<p><strong>Contexte<\/strong><\/p>\n<p>En Belgique comme ailleurs en Europe, le durcissement des politiques migratoires a des cons\u00e9quences humaines consid\u00e9rables. Le recours \u00e0 la d\u00e9tention, les obstacles rencontr\u00e9s par les mineurs non accompagn\u00e9s, les visites domiciliaires, ainsi que les difficult\u00e9s d\u2019acc\u00e8s aux soins de sant\u00e9, \u00e0 la protection et \u00e0 un h\u00e9bergement digne plongent de nombreuses personnes dans une situation de grande vuln\u00e9rabilit\u00e9. Les films pr\u00e9sent\u00e9s et la discussion qui suivra invitent \u00e0 mieux comprendre ces r\u00e9alit\u00e9s et \u00e0 r\u00e9fl\u00e9chir collectivement \u00e0 des r\u00e9ponses pour le respect de l\u2019Etat de Droit et de la dignit\u00e9 Humaine.<\/p>\n<p>Nous esp\u00e9rons avoir le plaisir de vous accueillir pour cette matin\u00e9e de cin\u00e9ma, de r\u00e9flexion et de dialogue.<\/p>\n<p>Contact : <a href=\"mailto:films.heurebleue@gmail.com\">films.heurebleue@gmail.com<\/a><\/p>\n","protected":false},"excerpt":{"rendered":"<p>Le samedi 26 septembre 2026, nous avons le plaisir de vous inviter \u00e0 une matin\u00e9e exceptionnelle au Palace Cin\u00e9ma (Boulevard Anspach 85, 1000 Bruxelles) autour des films documentaires de Yves Dorme : \u00ab\u00a0Les Hommes Seuls &#8211; Une crise de l&rsquo;accueil <a class=\"more-link\" href=\"https:\/\/palace2609.be\/\">Continuer la lecture <span class=\"screen-reader-text\">  <\/span><span class=\"meta-nav\">&rarr;<\/span><\/a><\/p>\n","protected":false},"author":1,"featured_media":0,"parent":0,"menu_order":0,"comment_status":"closed","ping_status":"closed","template":"","meta":{"footnotes":""},"class_list":["post-10","page","type-page","status-publish","hentry"],"_links":{"self":[{"href":"https:\/\/palace2609.be\/index.php?rest_route=\/wp\/v2\/pages\/10","targetHints":{"allow":["GET"]}}],"collection":[{"href":"https:\/\/palace2609.be\/index.php?rest_route=\/wp\/v2\/pages"}],"about":[{"href":"https:\/\/palace2609.be\/index.php?rest_route=\/wp\/v2\/types\/page"}],"author":[{"embeddable":true,"href":"https:\/\/palace2609.be\/index.php?rest_route=\/wp\/v2\/users\/1"}],"replies":[{"embeddable":true,"href":"https:\/\/palace2609.be\/index.php?rest_route=%2Fwp%2Fv2%2Fcomments&post=10"}],"version-history":[{"count":20,"href":"https:\/\/palace2609.be\/index.php?rest_route=\/wp\/v2\/pages\/10\/revisions"}],"predecessor-version":[{"id":386,"href":"https:\/\/palace2609.be\/index.php?rest_route=\/wp\/v2\/pages\/10\/revisions\/386"}],"wp:attachment":[{"href":"https:\/\/palace2609.be\/index.php?rest_route=%2Fwp%2Fv2%2Fmedia&parent=10"}],"curies":[{"name":"wp","href":"https:\/\/api.w.org\/{rel}","templated":true}]}}

<p style="border: 2px solid #7393B3; padding: 10px;">Le samedi 26 septembre 2026, nous avons le plaisir de vous inviter à une matinée exceptionnelle au Palace Cinéma (Boulevard Anspach 85, 1000 Bruxelles) autour des films documentaires de Yves Dorme : « <em><strong>Les Hommes Seuls &#8211; Une crise de l&rsquo;accueil sans fin »</strong></em> et « <em><strong>Quatre Femmes en Exil ».</strong></em></p>
<p>À travers des récits profondément humains, ces deux œuvres mettent en lumière les parcours, les défis et les réalités vécues par des hommes et des femmes confrontés à l’exil, à la précarité et à l’exclusion.</p>
<p>La matinée débutera avec un petit-déjeuner offert, suivi de la projection des deux films d’une durée totale d’1heure30.</p>
<p>A l’issue de la séance, un échange réunira le public et des représentants d’organisations sociales et humanitaires actives dans les domaines de la migration, de la santé, de la protection sociale et de la lutte contre le sans-abrisme. Cet échange sera l’occasion  de mettre en perspective les réalités observées sur le terrain.</p>
<p><strong>Informations pratiques</strong></p>
<p>Date : samedi <strong><span style="color: #a21c19;">26</span></strong> septembre 2026<br />
Lieu : Cinéma <strong><span style="color: #a21c19;">PALACE</span></strong>, Boulevard Anspach 85, 1000 Bruxelles<br />
Prix : 11 € par personne<br />
<a href="https://cinema-palace.be/fr/film/les-hommes-seuls-quatre-femmes-en-exil" target="_blank" rel="noopener">Cliquer ici pour réserver</a></p>
<p><strong><span style="color: #a21c19;">9h30</span></strong>  : Accueil et petit-déjeuner offert<br />
<strong><span style="color: #a21c19;">10h30</span></strong> : Projections : « <em>Les Hommes Seuls »</em> (59 minutes &#8211; NL OT) et « <em>Quatre</em> <em>Femmes en Exil »</em> (25 minutes &#8211; NL OT)<br />
<strong><span style="color: #a21c19;">12h00</span></strong> : Echange avec les organisations sociales et humanitaires engagées sur les questions de migration, de santé et de sans-abrisme</p>
<p><strong>Contexte</strong></p>
<p>En Belgique comme ailleurs en Europe, le durcissement des politiques migratoires a des conséquences humaines considérables. Le recours à la détention, les obstacles rencontrés par les mineurs non accompagnés, les visites domiciliaires, ainsi que les difficultés d’accès aux soins de santé, à la protection et à un hébergement digne plongent de nombreuses personnes dans une situation de grande vulnérabilité. Les films présentés et la discussion qui suivra invitent à mieux comprendre ces réalités et à réfléchir collectivement à des réponses pour le respect de l’Etat de Droit et de la dignité Humaine.</p>
<p>Nous espérons avoir le plaisir de vous accueillir pour cette matinée de cinéma, de réflexion et de dialogue.</p>
<p>Contact : <a href="mailto:films.heurebleue@gmail.com">films.heurebleue@gmail.com</a></p>

<p>Le samedi 26 septembre 2026, nous avons le plaisir de vous inviter à une matinée exceptionnelle au Palace Cinéma (Boulevard Anspach 85, 1000 Bruxelles) autour des films documentaires de Yves Dorme : « Les Hommes Seuls &#8211; Une crise de l&rsquo;accueil <a class="more-link" href="https://palace2609.be/">Continuer la lecture <span class="screen-reader-text">  </span><span class="meta-nav">&rarr;</span></a></p>
